nder when t is divided by 43?
40
Let n(s) = 2*s**3 - 37*s**2 + 97*s - 201. Let m = -49 + 74. What is the remainder when n(16) is divided by m?
21
Suppose -2015 = -5*p - 5*l, p - 283 = 5*l + 102. Calculate the remainder when p is divided by 26.
10
Let b(t) = -t**3 - 13*t**2 + 4*t + 96. Suppose -4*g = -41*g - 481. Calculate the remainder when 876 is divided by b(g).
40
Suppose p - 3*z = 147, p + 5*z + 41 = 156. Calculate the remainder when p is divided by 32.
7
Calculate the remainder when 1584 is divided by (-258)/1419 + 288/11.
24
What is the remainder when (687720/(-18))/(-10)*(-21)/(-14) is divided by 21?
19
Let z(c) = -168*c - 37. Let j be z(-4). Let r = -606 + j. What is the remainder when 103 is divided by r?
16
Let j(t) = 1177*t + 2420. Calculate the remainder when 504 is divided by j(-2).
42
Suppose u - 6 = -3*p + 44, 2*p = -2*u + 28. Calculate the remainder when (-6 + p/6)/(1/(-19)) is divided by 10.
7
Let g(y) = 4*y**2 + 3*y + 152. Calculate the remainder when 287 is divided by g(0).
135
Let i(w) = -11 + 3*w**2 + 3*w**2 - 4*w**2 - 1 - 4*w. Let z be i(-3). Suppose z*k - 13*k = 115. What is the remainder when 87 is divided by k?
18
Let q = -255 - -813. Let s = -551 + q. What is the remainder when 117 is divided by s?
5
Suppose -17*h - 370 = -12*h. Let r = h - -90. Calculate the remainder when 50 is divided by r.
2
Suppose 497*w - 3*j + 38 = 502*w, -5*w + 54 = -j. Let q(f) = -f**2 - 14*f - 2. What is the remainder when q(-10) is divided by w?
8
Suppose 2422 = l + 15*l - 2*l. Suppose 2*s + 0 - 26 = 0. Calculate the remainder when l is divided by s.
4
Let h(l) = 6*l + 30. Let r be h(-3). Calculate the remainder when 60 is divided by 17/(612/560) + r/27.
12
Suppose 0*h = -2*h + 5*j - 21, 2*h = -j + 9. Suppose -h*a + 162 = -5*l, 4*a - 15*l = -14*l + 342. Calculate the remainder when a is divided by 45.
41
Let p = 42 + -27. Suppose -3*i + 2*i = -p. Calculate the remainder when 1 - (-3 + 2) - -41 is divided by i.
13
Suppose 0 = -2*j + 59 - 57. Let r(k) = 22*k**2 - k + 2*k - 6*k**2 - 2. What is the remainder when r(j) is divided by 10?
5
Let u = 111 - 84. Let g = u - -6. What is the remainder when g is divided by 7?
5
Let z = -4318 - -7279. What is the remainder when z is divided by 18?
9
Suppose -3*c - 5*k + 400 = 0, -2*c + 332 = -3*k + 97. What is the remainder when 8245 is divided by c?
120
Let l = -11 - -23. Let h = 34 - l. Calculate the remainder when h is divided by ((2 - 3) + -2)/(2/(-10)).
7
Let v = -3085 - -3076. Let d = -7 - -4. What is the remainder when 68 - -1*v/d is divided by 24?
23
What is the remainder when -5*2/(-55) + (2568/33 - -1) is divided by -1 - ((-35)/15)/(2/24)?
25
Let p(s) = -7*s**2 - 104*s + 913. Suppose 15 + 2 = -t. Let o = t - -35. What is the remainder when o is divided by p(-21)?
8
Let b(k) = -3*k**3 + 27*k + 127. What is the remainder when 1687 is divided by b(-4)?
210
Suppose 0 = 3*a - 4*k - 369, 3*k = 9*a - 4*a - 615. Suppose -3*p + h = -a, 15*p + 4*h = 13*p + 82. Calculate the remainder when p is divided by 15.
11
Calculate the remainder when 131 is divided by (-152)/10*575/(-230).
17
Let m be 0*(-4)/(-8)*(-11)/(-11). Calculate the remainder when (16/(-2) - -5) + m - -289 is divided by 24.
22
Let v(y) = -65 - 1788*y + 886*y + 879*y - y**2. Calculate the remainder when 192 is divided by v(-15).
27
Suppose -52 = 5*c + 2*s - 3, 5*s = 2*c + 37. Let h = c + 57. Suppose -r = -l + 16, -3*r - 24 + 8 = -l. Calculate the remainder when h is divided by l.
14
Let g(q) = 25*q**2 + 7*q + 6. Let l be g(-1). What is the remainder when (-2)/(l/(-798))*2 is divided by 27?
25
Let q(x) = x**3 - 23*x**2 + 34*x - 252. Suppose t = 14 + 8. Calculate the remainder when t is divided by q(22).
10
Let g(z) be the first derivative of z**2/2 + 21*z + 3. Suppose 3*r = -19*r - 198. Calculate the remainder when 42 is divided by g(r).
6
Let s be 88/(-6)*((-38)/(-4) - -4). Let c = 282 + s. Calculate the remainder when c is divided by 5.
4
Let o(n) = -34*n - 1. Let b be o(-2). Suppose -4*g = -b - 57. Calculate the remainder when g is divided by 17.
14
Suppose 0 = -52*g + 125*g - 4526. What is the remainder when g is divided by (-134)/(-6) + 2/(-6)?
18
What is the remainder when 537 is divided by (-197 - (10 + -19))*-1?
161
Suppose 17*d + 1582 = 5*r + 25*d, 950 = 3*r + 4*d. Calculate the remainder when r is divided by 58.
28
Suppose 0 = 11*l - 3333 + 1089. Let z = -151 + l. What is the remainder when z is divided by 9?
8
Suppose 4*a + 11*a = 18*a - 939. What is the remainder when a is divided by 26?
1
Let l be -5 + 7 - (-12)/2 - 5. Suppose -2*v - 5*o + 87 = 0, -9 + 18 = -l*o. Suppose 32 = k + 3*k. Calculate the remainder when v is divided by k.
3
Suppose 0 = -3*t + 1803 - 387. Suppose -5*r - 51 = -3*z + 297, 4*z = 4*r + t. What is the remainder when z is divided by 31?
28
Let p(m) = -177*m + 4099. Calculate the remainder when 10329 is divided by p(23).
25
Let b(h) = -h**3 + 32*h**2 - 37*h + 202. What is the remainder when 10893 is divided by b(31)?
13
Suppose 6942 = 194*b - 168*b. Calculate the remainder when 271 is divided by b.
4
Suppose -24*n = 1306 - 1378. What is the remainder when 469 is divided by n?
1
Let s = 16182 - 16114. Suppose 0 = 5*k + 4*a - 141, 7*a + 84 = 4*k + 3*a. Calculate the remainder when s is divided by k.
18
Suppose 5*i = 5, 0 = v - 4*i + 8*i - 47. Suppose r = -v*r + 4972. What is the remainder when r is divided by (-10)/15 - (-232)/6?
37
Let g = -4898 - -4916. Let f(y) = -y**3 + 9*y**2 + 5*y - 11. What is the remainder when f(9) is divided by g?
16
Suppose 2*k = -2*x - 16, -2*k - 22 = -6*x + 10*x. What is the remainder when 295 is divided by 4 - 10*(1 + 5)/x?
7
Let m(g) = g**3 + 11*g**2 + 3*g + 29. Let d be m(-10). Suppose 0 = -t + d + 12. Calculate the remainder when t is divided by (1/2)/((-1)/(-28)).
13
Let w(a) = -8*a**2 + 15*a - 2. Let k(g) = -g**2 + 2*g - 1. Let x(o) = 6*k(o) - w(o). Calculate the remainder when 175 is divided by x(4).
15
Let y = -156 - -251. Suppose -3*n = 23 - 56. Let o(h) = h + 22. What is the remainder when y is divided by o(n)?
29
Suppose 0 = -16*l + 1354 + 3862. Calculate the remainder when 779 is divided by l.
127
Suppose 6743 = 47*w - 4161. Calculate the remainder when w is divided by 121.
111
Suppose -5*s + 3*c + 475 = 0, -5*s - c - 373 = -9*s. Calculate the remainder when 2113 is divided by s.
89
Suppose n - 3*q = -0*q + 28, -2*n = -4*q - 48. Suppose 312 = 5*g + 3*w, -3*w = -5*w - 2. Calculate the remainder when g is divided by n.
15
Let b = 8318 + -7567. What is the remainder when b is divided by 42?
37
Suppose 63*n + 51 - 1509 = 36*n. Calculate the remainder when 597 is divided by n.
3
Let q(t) = -t**2 + 44*t - 349. Calculate the remainder when 621 is divided by q(17).
71
Suppose -2*g + 504 = 3*b, 3*g + 12*b - 730 = 14*b. What is the remainder when g is divided by 107?
32
Let o(r) = -274*r + 849. What is the remainder when o(-5) is divided by 20?
19
Let w(p) = -33*p - 33. Let l be w(-2). Suppose -l*y = -1159 - 953. Calculate the remainder when y is divided by 1/(2/22 + 0).
9
Suppose 0 = p - 24*a + 22*a - 980, -2*a = -5*p + 4916. What is the remainder when p is divided by 30?
24
Let h be ((-51)/(-17))/(1/9). Let c = 89 - h. What is the remainder when c is divided by 17?
11
Let d = 163 + -101. Let g(b) = -4*b - 1 - 2*b + 7*b + 3. What is the remainder when d is divided by g(14)?
14
Suppose -3*s + 3 = 0, -5 = -v - s + 5. Suppose 4*l - 105 = -17*l. Suppose -l*b = 4*y - 57, 4*b = y - 0*b - 9. What is the remainder when y is divided by v?
4
Suppose -9*h - 3 = -10*h. Let z be h/(-5) + (-32968)/(-130). Suppose 3*m = -z + 292. What is the remainder when 22 is divided by m?
9
Let p(q) = q**3 - 6*q**2 - 16*q + 8. Suppose -4*d + 178 = o, -8*o + 7*o = 2*d - 90. What is the remainder when p(11) is divided by d?
41
Suppose 6*v - 30*v = -3*v - 2352. Calculate the remainder when v is divided by 107.
5
Let a = -7114 - -8443. Calculate the remainder when a is divided by 148.
145
Let a(z) = -z**3 - 4*z**2 - 4*z + 3. Suppose 11*p + 21 = 4*p. Let o be a(p). Suppose 15 = -3*h + o*h. What is the remainder when 15 is divided by h?
0
Let m = -119 - -121. Suppose -m*s - 14 = -84. Calculate the remainder when 100 is divided by s.
30
Let s = -310 + 415. Let j = s - 78. Calculate the remainder when 0 - 1*-159*